common divisor of 138 and 304198.
46
What is the highest common divisor of 459 and 5270?
17
What is the greatest common factor of 312 and 120?
24
What is the greatest common divisor of 448160 and 320?
160
Calculate the greatest common divisor of 2107 and 5243.
49
What is the highest common factor of 957168 and 690?
138
What is the greatest common divisor of 14571489 and 223?
223
What is the highest common factor of 378 and 6692?
14
What is the greatest common divisor of 131482 and 338?
338
What is the highest common divisor of 2673 and 909?
9
What is the greatest common factor of 35335 and 218695?
955
What is the highest common divisor of 87039 and 114?
57
What is the greatest common divisor of 750 and 6270?
30
What is the greatest common divisor of 2160 and 34480?
80
Calculate the highest common divisor of 17556600 and 600.
600
Calculate the highest common factor of 195 and 30.
15
Calculate the highest common factor of 104235 and 45.
15
What is the greatest common divisor of 249829 and 341?
31
What is the greatest common divisor of 83104 and 42?
14
What is the greatest common divisor of 5913 and 36792?
657
What is the greatest common factor of 578268 and 360?
36
What is the highest common divisor of 153 and 6849?
9
What is the highest common divisor of 8858 and 1133?
103
Calculate the greatest common factor of 423 and 985731.
141
What is the greatest common factor of 1140 and 52725?
285
What is the highest common divisor of 230 and 49795?
115
What is the highest common factor of 34277 and 908?
227
Calculate the highest common factor of 51 and 278851.
17
What is the highest common factor of 1368 and 280288?
152
What is the greatest common divisor of 15735722 and 206?
206
Calculate the greatest common divisor of 44 and 53713.
11
Calculate the greatest common factor of 931 and 107163.
49
Calculate the highest common factor of 1575112 and 168.
56
Calculate the greatest common divisor of 415 and 49468.
83
What is the highest common factor of 4500 and 190170?
90
Calculate the greatest common divisor of 1743 and 282947.
581
Calculate the greatest common divisor of 1641266 and 187.
11
What is the highest common factor of 17720560 and 715?
715
What is the greatest common factor of 1280 and 57020?
20
Calculate the greatest common factor of 19671 and 498.
249
What is the greatest common factor of 11746 and 364?
14
Calculate the greatest common divisor of 2027 and 13.
1
What is the greatest common divisor of 100 and 29772?
4
What is the highest common divisor of 1065 and 960?
15
What is the highest common factor of 1682 and 58?
58
Calculate the greatest common factor of 198 and 1382634.
198
Calculate the highest common divisor of 55385 and 361.
19
What is the greatest common factor of 399525 and 1365?
105
What is the greatest common divisor of 3438888 and 24?
24
Calculate the highest common divisor of 1767 and 228.
57
Calculate the greatest common factor of 99 and 11528.
11
Calculate the highest common factor of 285097 and 1233.
137
Calculate the greatest common divisor of 20 and 461570.
10
What is the greatest common factor of 24116 and 44?
4
What is the highest common factor of 10230 and 3?
3
Calculate the highest common divisor of 1693 and 1.
1
What is the greatest common divisor of 36951 and 1469?
113
Calculate the greatest common factor of 421375 and 500.
125
Calculate the highest common factor of 116039 and 27104.
847
Calculate the highest common factor of 155 and 79019.
31
Calculate the highest common factor of 431105 and 453.
151
What is the greatest common divisor of 1026 and 5358?
114
Calculate the highest common factor of 1529 and 445356.
139
What is the highest common divisor of 134965 and 60?
5
What is the greatest common divisor of 3880 and 2920?
40
What is the greatest common divisor of 17668 and 140?
28
What is the greatest common factor of 10125 and 5?
5
What is the greatest common factor of 39196 and 25912?
164
What is the highest common divisor of 4077 and 999?
27
What is the greatest common divisor of 21315 and 10005?
435
Calculate the greatest common factor of 48 and 500496.
48
Calculate the greatest common divisor of 753 and 177959.
251
Calculate the greatest common factor of 165 and 1595.
55
What is the greatest common factor of 1297 and 9190542?
1297
Calculate the highest common factor of 66 and 82.
2
What is the highest common divisor of 234 and 36946?
26
What is the highest common divisor of 790 and 13306365?
395
What is the greatest common divisor of 11800 and 140420?
1180
Calculate the greatest common divisor of 86473 and 731.
43
Calculate the greatest common factor of 20 and 1695220.
20
Calculate the highest common factor of 2561320 and 120.
40
Calculate the greatest common divisor of 315 and 27349.
7
What is the greatest common factor of 45234 and 54?
18
What is the greatest common factor of 50 and 34700?
50
Calculate the highest common factor of 17613 and 6156.
171
Calculate the greatest common divisor of 183 and 588.
3
Calculate the highest common divisor of 420 and 14684.
4
Calculate the highest common factor of 174313 and 372.
31
Calculate the greatest common factor of 24750 and 216.
18
What is the highest common divisor of 1 and 11699?
1
What is the highest common factor of 317 and 2330267?
317
What is the highest common factor of 28 and 970228?
28
Calculate the highest common divisor of 2879640 and 3990.
570
Calculate the greatest common factor of 35275 and 4675.
425
Calculate the greatest common factor of 110469 and 552.
69
Calculate the highest common factor of 17340 and 192.
12
Calculate the highest common factor of 114 and 135318.
114
Calculate the highest common divisor of 6 and 1780617.
3
Calculate the highest common factor of 2668538 and 436.
218
What is the highest common factor of 378 and 55836?
54
What is the highest common divisor of 54 and 189?
27
What is the greatest common divisor of 26095 and 10?
5
Calculate the highest common divisor of 123160 and 25.
5
Calculate the highest common factor of 79217 and 481.
37
Calculate the greatest common factor of 3406 and 221.
13
What is the highest common divisor of 130 and 3224?
26
What is the highest common factor of 432 and 15712?
16
What is the greatest common factor of 77 and 10076?
11
What is the greatest common factor of 72971 and 1849?
43
Calculate the highest common factor of 1950 and 16471650.
1950
What is the greatest common factor of 4099 and 8?
1
What is the greatest common divisor of 155376 and 180?
36
What is the greatest common factor of 672 and 862512?
336
What is the highest common factor of 216 and 317970?
18
Calculate the highest common factor of 272 and 1304.
8
Calculate the highest common factor of 89 and 1081172.
89
Calculate the greatest common factor of 63564 and 144.
12
Calculate the highest common factor of 15 and 15285.
15
Calculate the greatest common factor of 300244 and 322.
14
What is the greatest common factor of 39 and 19734?
39
What is the greatest common divisor of 2620692 and 72?
36
Calculate the greatest common factor of 131 and 167549.
131
What is the greatest common divisor of 3976 and 2130?
142
What is the greatest common divisor of 561379 and 806?
403
What is the greatest common divisor of 7025 and 175?
25
Calculate the highest common divisor of 3875 and 425.
25
Calculate the greatest common divisor of 1016 and 25654.
254
Calculate the greatest common divisor of 16786 and 2507.
109
What is the highest common factor of 430 and 3355505?
215
What is the greatest common factor of 224 and 133?
7
What is the highest common divisor of 258653 and 1349?
71
What is the highest common factor of 236 and 34397?
59
What is the highest common divisor of 799229 and 197?
197
What is the highest common divisor of 10318 and 2?
2
Calculate the greatest common divisor of 1635 and 4695.
15
Calculate the greatest common divisor of 9527 and 7.
7
Calculate the highest common factor of 3293 and 95586.
89
Calculate the greatest common divisor of 1995 and 1083.
57
What is the greatest common divisor of 216330 and 960?
30
Calculate the highest common divisor of 864368 and 267.
89
Calculate the greatest common factor of 17379 and 108.
9
What is the greatest common factor of 6975 and 1178?
31
What is the highest common factor of 10829 and 155183?
49
C